{"id":761,"date":"2017-09-25T13:46:57","date_gmt":"2017-09-25T12:46:57","guid":{"rendered":"http:\/\/www.enel-sustav.hr\/?page_id=761"},"modified":"2017-09-25T13:46:57","modified_gmt":"2017-09-25T12:46:57","slug":"modul-racuni","status":"publish","type":"page","link":"https:\/\/e-sustav.enel.hr\/?page_id=761","title":{"rendered":"Modul ra\u010duni"},"content":{"rendered":"\n<style type=\"text\/css\" data-created_by=\"avia_inline_auto\" id=\"style-css-av-av_one_full-6126cab7d8fab8d08143dd2dacdf673c\">\n.flex_column.av-av_one_full-6126cab7d8fab8d08143dd2dacdf673c{\nborder-radius:0px 0px 0px 0px;\n-webkit-border-radius:0px 0px 0px 0px;\n-moz-border-radius:0px 0px 0px 0px;\n}\n<\/style>\n<div class='flex_column av-av_one_full-6126cab7d8fab8d08143dd2dacdf673c av_one_full  avia-builder-el-0  avia-builder-el-no-sibling  first flex_column_div av-zero-column-padding '   ><section  class='av_textblock_section av-av_textblock-396ddf1f42196ca838231e61a4602801'  itemscope=\"itemscope\" itemtype=\"https:\/\/schema.org\/CreativeWork\" ><div class='avia_textblock'  itemprop=\"text\" ><section class=\"av_textblock_section\">\n<div class=\"avia_textblock \">\n<p>Aplikacija Seaman ima dodatni\u00a0<strong>modul Ra\u010duni<\/strong>\u00a0koji ima opciju izdavanja faktura kompanijama na kojima su ukrcani pomorci agencije.<\/p>\n<\/div>\n<\/section>\n<section class=\"av_textblock_section\">\n<div class=\"avia_textblock \">\n<p>Ra\u010duni se mogu izdavati za kompanije zbirno i za brodove po kompaniji.<\/p>\n<p>Tako\u0111er, ra\u010duni se mogu sastojati od dva dijela &#8211; fiksnog i\/ili varijabilnog dijela, a odnose se na odre\u0111eni vremenski period. Svi ra\u010duni i sva pla\u0107anja unose se u valuti (naj\u010de\u0161\u0107e USD).<\/p>\n<p>U modulu <em>Ra\u010duni<\/em> mogu se evidentirati i uplate kompanija i tako vr\u0161iti zatvaranje ra\u010duna sa uplatom.<\/p>\n<p>Modul Ra\u010duni ima sljede\u0107e izvje\u0161taje:<\/p>\n<ul>\n<li><strong>Ship invoice<\/strong>\u00a0\u2013 izvje\u0161taj omogu\u0107ava pregled i printanje ra\u010duna za jedan ili za sve brodove pojedine kompanije<\/li>\n<li><strong>Seaman fee and expenses<\/strong>\u00a0\u2013 daje popis svih pomoraca koju su u zadanom periodu oti\u0161li\/do\u0161li na brod za jednu ili sve kompanije<\/li>\n<li><strong>Sumary invoice<\/strong>\u00a0\u2013 za odabranu kompaniju i odabrane ra\u010dune ispisuju se tro\u0161kovi ili sumarno po brodovima ili po stavkama ra\u010duna<\/li>\n<li><strong>Seaman on ship\u00a0<\/strong>\u2013 daje popis svih pomoraca koji su u zadanom periodu oti\u0161li na neki brod i koji je to brod, za jednu ili sve kompanije<\/li>\n<li><strong>Kartica kompanije\u00a0<\/strong>\u2013 omogu\u0107ava pregled i ispis kartice kompanije, popis ra\u010duna i uplata za odre\u0111eni period, sa ili bez prethodnog prometa<\/li>\n<li><strong>Popis nepla\u0107enih ra\u010duna\u00a0<\/strong>\u2013 pregled i ispis svih nepla\u0107enih ra\u010duna po kompaniji<\/li>\n<\/ul>\n<\/div>\n<\/section>\n<\/div><\/section><\/div>\n","protected":false},"excerpt":{"rendered":"","protected":false},"author":1,"featured_media":0,"parent":0,"menu_order":0,"comment_status":"closed","ping_status":"closed","template":"","meta":[],"_links":{"self":[{"href":"https:\/\/e-sustav.enel.hr\/index.php?rest_route=\/wp\/v2\/pages\/761"}],"collection":[{"href":"https:\/\/e-sustav.enel.hr\/index.php?rest_route=\/wp\/v2\/pages"}],"about":[{"href":"https:\/\/e-sustav.enel.hr\/index.php?rest_route=\/wp\/v2\/types\/page"}],"author":[{"embeddable":true,"href":"https:\/\/e-sustav.enel.hr\/index.php?rest_route=\/wp\/v2\/users\/1"}],"replies":[{"embeddable":true,"href":"https:\/\/e-sustav.enel.hr\/index.php?rest_route=%2Fwp%2Fv2%2Fcomments&post=761"}],"version-history":[{"count":2,"href":"https:\/\/e-sustav.enel.hr\/index.php?rest_route=\/wp\/v2\/pages\/761\/revisions"}],"predecessor-version":[{"id":763,"href":"https:\/\/e-sustav.enel.hr\/index.php?rest_route=\/wp\/v2\/pages\/761\/revisions\/763"}],"wp:attachment":[{"href":"https:\/\/e-sustav.enel.hr\/index.php?rest_route=%2Fwp%2Fv2%2Fmedia&parent=761"}],"curies":[{"name":"wp","href":"https:\/\/api.w.org\/{rel}","templated":true}]}}