{"id":63,"date":"2015-02-11T13:50:51","date_gmt":"2015-02-11T12:50:51","guid":{"rendered":"http:\/\/www.enel-sustav.hr\/?page_id=63"},"modified":"2020-03-06T13:36:32","modified_gmt":"2020-03-06T12:36:32","slug":"funkcionalnosti-rjesenja","status":"publish","type":"page","link":"https:\/\/e-sustav.enel.hr\/?page_id=63","title":{"rendered":"Funkcionalnosti rje\u0161enja"},"content":{"rendered":"\n<style type=\"text\/css\" data-created_by=\"avia_inline_auto\" id=\"style-css-av-av_one_full-6126cab7d8fab8d08143dd2dacdf673c\">\n.flex_column.av-av_one_full-6126cab7d8fab8d08143dd2dacdf673c{\nborder-radius:0px 0px 0px 0px;\n-webkit-border-radius:0px 0px 0px 0px;\n-moz-border-radius:0px 0px 0px 0px;\n}\n<\/style>\n<div class='flex_column av-av_one_full-6126cab7d8fab8d08143dd2dacdf673c av_one_full  avia-builder-el-0  avia-builder-el-no-sibling  first flex_column_div av-zero-column-padding '   ><p><section  class='av_textblock_section av-av_textblock-396ddf1f42196ca838231e61a4602801'  itemscope=\"itemscope\" itemtype=\"https:\/\/schema.org\/CreativeWork\" ><div class='avia_textblock'  itemprop=\"text\" ><p>Sustav ERP \u00ae\u00a0 sastoji se od\u00a0nekoliko funkcionalnih cjelina integriranih u jedinstven proizvod:<\/p>\n<\/div><\/section><br \/>\n\n<style type=\"text\/css\" data-created_by=\"avia_inline_auto\" id=\"style-css-av-av_iconlist-f1fae71174272706c995d0a616ceec54\">\n#top .avia-icon-list-container.av-av_iconlist-f1fae71174272706c995d0a616ceec54 .iconlist_icon{\nbackground-color:#2d5c88;\n}\n#top #wrap_all .avia-icon-list-container.av-av_iconlist-f1fae71174272706c995d0a616ceec54 .av_iconlist_title{\ncolor:#919191;\n}\n<\/style>\n<div  class='avia-icon-list-container av-av_iconlist-f1fae71174272706c995d0a616ceec54  avia-builder-el-2  el_after_av_textblock  el_before_av_textblock '><ul class='avia-icon-list avia_animate_when_almost_visible avia-icon-list-left av-iconlist-big av-av_iconlist-f1fae71174272706c995d0a616ceec54 avia-iconlist-animate'>\n<li><a href='https:\/\/e-sustav.enel.hr\/?page_id=406' title='Zajedni\u010dki podaci'  class='iconlist_icon av-av_iconlist_item-8d9c5b0e2fcd0a68cfe75df4ef654b05 avia-font-entypo-fontello'><span class='iconlist-char' aria-hidden='true' data-av_icon='\ue810' data-av_iconfont='entypo-fontello'><\/span><\/a><article class=\"article-icon-entry av-iconlist-empty\"  itemscope=\"itemscope\" itemtype=\"https:\/\/schema.org\/CreativeWork\" ><div class=\"iconlist_content_wrap\"><header class=\"entry-content-header\"><h4 class='av_iconlist_title iconlist_title  av_inherit_color'  itemprop=\"headline\" ><a href='https:\/\/e-sustav.enel.hr\/?page_id=406' title='Zajedni\u010dki podaci'>Zajedni\u010dki podaci<\/a><\/h4><\/header><div class='iconlist_content '  itemprop=\"text\" ><\/div><\/div><footer class=\"entry-footer\"><\/footer><\/article><div class=\"iconlist-timeline\"><\/div><\/li>\n<li><a href='http:\/\/www.enel-sustav.hr\/?page_id=414' title='Financijsko poslovanje'  class='iconlist_icon av-av_iconlist_item-9487e07cca6a9ad29fa1bc4bcb88a40e avia-font-entypo-fontello'><span class='iconlist-char' aria-hidden='true' data-av_icon='\ue84d' data-av_iconfont='entypo-fontello'><\/span><\/a><article class=\"article-icon-entry av-iconlist-empty\"  itemscope=\"itemscope\" itemtype=\"https:\/\/schema.org\/CreativeWork\" ><div class=\"iconlist_content_wrap\"><header class=\"entry-content-header\"><h4 class='av_iconlist_title iconlist_title  av_inherit_color'  itemprop=\"headline\" ><a href='http:\/\/www.enel-sustav.hr\/?page_id=414' title='Financijsko poslovanje'>Financijsko poslovanje<\/a><\/h4><\/header><div class='iconlist_content '  itemprop=\"text\" ><\/div><\/div><footer class=\"entry-footer\"><\/footer><\/article><div class=\"iconlist-timeline\"><\/div><\/li>\n<li><a href='http:\/\/www.enel-sustav.hr\/?page_id=429' title='Robno i materijalno poslovanje'  class='iconlist_icon av-av_iconlist_item-651a682644e37a0279a300f294fa1dc0 avia-font-entypo-fontello'><span class='iconlist-char' aria-hidden='true' data-av_icon='\ue827' data-av_iconfont='entypo-fontello'><\/span><\/a><article class=\"article-icon-entry av-iconlist-empty\"  itemscope=\"itemscope\" itemtype=\"https:\/\/schema.org\/CreativeWork\" ><div class=\"iconlist_content_wrap\"><header class=\"entry-content-header\"><h4 class='av_iconlist_title iconlist_title  av_inherit_color'  itemprop=\"headline\" ><a href='http:\/\/www.enel-sustav.hr\/?page_id=429' title='Robno i materijalno poslovanje'>Robno i materijalno poslovanje<\/a><\/h4><\/header><div class='iconlist_content '  itemprop=\"text\" ><\/div><\/div><footer class=\"entry-footer\"><\/footer><\/article><div class=\"iconlist-timeline\"><\/div><\/li>\n<li><a href='http:\/\/www.enel-sustav.hr\/?page_id=456' title='Dugotrajna imovina'  class='iconlist_icon av-av_iconlist_item-0b07c2384b825df8f672fe49324d1cc8 avia-font-entypo-fontello'><span class='iconlist-char' aria-hidden='true' data-av_icon='\ue821' data-av_iconfont='entypo-fontello'><\/span><\/a><article class=\"article-icon-entry av-iconlist-empty\"  itemscope=\"itemscope\" itemtype=\"https:\/\/schema.org\/CreativeWork\" ><div class=\"iconlist_content_wrap\"><header class=\"entry-content-header\"><h4 class='av_iconlist_title iconlist_title  av_inherit_color'  itemprop=\"headline\" ><a href='http:\/\/www.enel-sustav.hr\/?page_id=456' title='Dugotrajna imovina'>Dugotrajna imovina<\/a><\/h4><\/header><div class='iconlist_content '  itemprop=\"text\" ><\/div><\/div><footer class=\"entry-footer\"><\/footer><\/article><div class=\"iconlist-timeline\"><\/div><\/li>\n<li><a href='http:\/\/www.enel-sustav.hr\/?page_id=465' title='Pla\u0107e i kadrovska evidencija'  class='iconlist_icon av-av_iconlist_item-4680bc1ce43ae3857a991d180109e753 avia-font-entypo-fontello'><span class='iconlist-char' aria-hidden='true' data-av_icon='\ue80b' data-av_iconfont='entypo-fontello'><\/span><\/a><article class=\"article-icon-entry av-iconlist-empty\"  itemscope=\"itemscope\" itemtype=\"https:\/\/schema.org\/CreativeWork\" ><div class=\"iconlist_content_wrap\"><header class=\"entry-content-header\"><h4 class='av_iconlist_title iconlist_title  av_inherit_color'  itemprop=\"headline\" ><a href='http:\/\/www.enel-sustav.hr\/?page_id=465' title='Pla\u0107e i kadrovska evidencija'>Pla\u0107e i kadrovska evidencija<\/a><\/h4><\/header><div class='iconlist_content '  itemprop=\"text\" ><\/div><\/div><footer class=\"entry-footer\"><\/footer><\/article><div class=\"iconlist-timeline\"><\/div><\/li>\n<li><a href='http:\/\/www.enel-sustav.hr\/?page_id=71' title='Sustav plus'  class='iconlist_icon av-av_iconlist_item-5148fb358d464d2a8dd8e2e6d7906a7f avia-font-entypo-fontello'><span class='iconlist-char' aria-hidden='true' data-av_icon='\ue816' data-av_iconfont='entypo-fontello'><\/span><\/a><article class=\"article-icon-entry av-iconlist-empty\"  itemscope=\"itemscope\" itemtype=\"https:\/\/schema.org\/CreativeWork\" ><div class=\"iconlist_content_wrap\"><header class=\"entry-content-header\"><h4 class='av_iconlist_title iconlist_title  av_inherit_color'  itemprop=\"headline\" ><a href='http:\/\/www.enel-sustav.hr\/?page_id=71' title='Sustav plus'>Sustav plus<\/a><\/h4><\/header><div class='iconlist_content '  itemprop=\"text\" ><\/div><\/div><footer class=\"entry-footer\"><\/footer><\/article><div class=\"iconlist-timeline\"><\/div><\/li>\n<\/ul><\/div><br \/>\n<section  class='av_textblock_section av-av_textblock-396ddf1f42196ca838231e61a4602801'  itemscope=\"itemscope\" itemtype=\"https:\/\/schema.org\/CreativeWork\" ><div class='avia_textblock'  itemprop=\"text\" ><p>Svaka od funkcionalnih cjelina\u00a0je razlo\u017eena na\u00a0 pojedine osnovne funkcije koje su podr\u017eane gotovim izvje\u0161tajima;\u00a0od onih jednostavnih (lista odre\u0111enog \u0161ifrarnika), pa do slo\u017eenih, koja su proizvod\u00a0 slo\u017eenih izra\u010duna i\/ili analiza i vi\u0161estrukog filtriranja podataka.<\/p>\n<\/div><\/section><\/p><\/div>\n","protected":false},"excerpt":{"rendered":"","protected":false},"author":1,"featured_media":0,"parent":16,"menu_order":0,"comment_status":"open","ping_status":"open","template":"","meta":[],"_links":{"self":[{"href":"https:\/\/e-sustav.enel.hr\/index.php?rest_route=\/wp\/v2\/pages\/63"}],"collection":[{"href":"https:\/\/e-sustav.enel.hr\/index.php?rest_route=\/wp\/v2\/pages"}],"about":[{"href":"https:\/\/e-sustav.enel.hr\/index.php?rest_route=\/wp\/v2\/types\/page"}],"author":[{"embeddable":true,"href":"https:\/\/e-sustav.enel.hr\/index.php?rest_route=\/wp\/v2\/users\/1"}],"replies":[{"embeddable":true,"href":"https:\/\/e-sustav.enel.hr\/index.php?rest_route=%2Fwp%2Fv2%2Fcomments&post=63"}],"version-history":[{"count":10,"href":"https:\/\/e-sustav.enel.hr\/index.php?rest_route=\/wp\/v2\/pages\/63\/revisions"}],"predecessor-version":[{"id":928,"href":"https:\/\/e-sustav.enel.hr\/index.php?rest_route=\/wp\/v2\/pages\/63\/revisions\/928"}],"up":[{"embeddable":true,"href":"https:\/\/e-sustav.enel.hr\/index.php?rest_route=\/wp\/v2\/pages\/16"}],"wp:attachment":[{"href":"https:\/\/e-sustav.enel.hr\/index.php?rest_route=%2Fwp%2Fv2%2Fmedia&parent=63"}],"curies":[{"name":"wp","href":"https:\/\/api.w.org\/{rel}","templated":true}]}}