{"id":576,"date":"2016-10-05T11:35:56","date_gmt":"2016-10-05T10:35:56","guid":{"rendered":"http:\/\/www.enel-sustav.hr\/?page_id=576"},"modified":"2017-09-21T12:16:33","modified_gmt":"2017-09-21T11:16:33","slug":"place-kadrovska-evidencija","status":"publish","type":"page","link":"https:\/\/e-sustav.enel.hr\/?page_id=576","title":{"rendered":"Pla\u0107e i kadrovska evidencija"},"content":{"rendered":"<section  class='av_textblock_section av-av_textblock-396ddf1f42196ca838231e61a4602801'  itemscope=\"itemscope\" itemtype=\"https:\/\/schema.org\/CreativeWork\" ><div class='avia_textblock'  itemprop=\"text\" ><p><strong>Pla\u0107e i kadrovska evidencija<\/strong> je podsustav koji vodi evidenciju svih zaposlenih u poduze\u0107u i vr\u0161i obra\u010dun pla\u0107a po zadanim parametrima obra\u010duna, a u ovisnosti o evidenciji radnog vremena u zadanom periodu.<\/p>\n<p>Podsustav je formiran tako da se mo\u017ee prilagoditi raznim obra\u010dunima u ovisnosti o potrebama poduze\u0107a. Zakonske propise u potpunosti podr\u017eava i omogu\u0107ava ispis svih potrebnih dokumenata i rekapitulacija.<\/p>\n<\/div><\/section>\n\n<style type=\"text\/css\" data-created_by=\"avia_inline_auto\" id=\"style-css-av-av_heading-4c072049a892e71e7f4fc5b681dc8680\">\n#top .av-special-heading.av-av_heading-4c072049a892e71e7f4fc5b681dc8680{\npadding-bottom:10px;\ncolor:#2d5c88;\n}\nbody .av-special-heading.av-av_heading-4c072049a892e71e7f4fc5b681dc8680 .av-special-heading-tag .heading-char{\nfont-size:25px;\n}\n.av-special-heading.av-av_heading-4c072049a892e71e7f4fc5b681dc8680 .special-heading-inner-border{\nborder-color:#2d5c88;\n}\n.av-special-heading.av-av_heading-4c072049a892e71e7f4fc5b681dc8680 .av-subheading{\nfont-size:15px;\n}\n<\/style>\n<div  class='av-special-heading av-av_heading-4c072049a892e71e7f4fc5b681dc8680 av-special-heading-h6 custom-color-heading  avia-builder-el-1  el_after_av_textblock  el_before_av_textblock '><h6 class='av-special-heading-tag'  itemprop=\"headline\"  >Kadrovska evidencija<\/h6><div class=\"special-heading-border\"><div class=\"special-heading-inner-border\"><\/div><\/div><\/div>\n<section  class='av_textblock_section av-av_textblock-396ddf1f42196ca838231e61a4602801'  itemscope=\"itemscope\" itemtype=\"https:\/\/schema.org\/CreativeWork\" ><div class='avia_textblock'  itemprop=\"text\" ><p style=\"text-align: center;\"><a href=\"http:\/\/www.enel-sustav.hr\/wp-content\/uploads\/2016\/10\/1.png\"><img loading=\"lazy\" class=\"alignnone size-medium wp-image-577\" src=\"http:\/\/www.enel-sustav.hr\/wp-content\/uploads\/2016\/10\/1-300x169.png\" alt=\"\" width=\"300\" height=\"169\" srcset=\"https:\/\/e-sustav.enel.hr\/wp-content\/uploads\/2016\/10\/1-300x169.png 300w, https:\/\/e-sustav.enel.hr\/wp-content\/uploads\/2016\/10\/1-1030x579.png 1030w, https:\/\/e-sustav.enel.hr\/wp-content\/uploads\/2016\/10\/1-705x396.png 705w, https:\/\/e-sustav.enel.hr\/wp-content\/uploads\/2016\/10\/1-450x253.png 450w, https:\/\/e-sustav.enel.hr\/wp-content\/uploads\/2016\/10\/1.png 1366w\" sizes=\"(max-width: 300px) 100vw, 300px\" \/><\/a><\/p>\n<p style=\"text-align: center;\"><em>Slika 1: Pregled svih dostupnih \u0161ifrarnika<\/em><\/p>\n<hr \/>\n<p style=\"text-align: center;\"><a href=\"http:\/\/www.enel-sustav.hr\/wp-content\/uploads\/2016\/10\/2.png\"><img loading=\"lazy\" class=\"alignnone size-medium wp-image-578\" src=\"http:\/\/www.enel-sustav.hr\/wp-content\/uploads\/2016\/10\/2-300x169.png\" alt=\"\" width=\"300\" height=\"169\" srcset=\"https:\/\/e-sustav.enel.hr\/wp-content\/uploads\/2016\/10\/2-300x169.png 300w, https:\/\/e-sustav.enel.hr\/wp-content\/uploads\/2016\/10\/2-1030x579.png 1030w, https:\/\/e-sustav.enel.hr\/wp-content\/uploads\/2016\/10\/2-705x396.png 705w, https:\/\/e-sustav.enel.hr\/wp-content\/uploads\/2016\/10\/2-450x253.png 450w, https:\/\/e-sustav.enel.hr\/wp-content\/uploads\/2016\/10\/2.png 1366w\" sizes=\"(max-width: 300px) 100vw, 300px\" \/><\/a><\/p>\n<p style=\"text-align: center;\"><em>Slika 2: \u00a0<\/em><em>Svi dostupni podaci o zaposlenicima: op\u0107i podaci, podaci o stru\u010dnoj spremi, podaci o zaposlenju i poda<\/em><em>ci potrebni za obra\u010dun pla\u0107e<\/em><\/p>\n<hr \/>\n<p style=\"text-align: center;\"><a href=\"http:\/\/www.enel-sustav.hr\/wp-content\/uploads\/2016\/10\/3.png\"><img loading=\"lazy\" class=\"alignnone size-medium wp-image-579\" src=\"http:\/\/www.enel-sustav.hr\/wp-content\/uploads\/2016\/10\/3-300x169.png\" alt=\"\" width=\"300\" height=\"169\" srcset=\"https:\/\/e-sustav.enel.hr\/wp-content\/uploads\/2016\/10\/3-300x169.png 300w, https:\/\/e-sustav.enel.hr\/wp-content\/uploads\/2016\/10\/3-1030x579.png 1030w, https:\/\/e-sustav.enel.hr\/wp-content\/uploads\/2016\/10\/3-705x396.png 705w, https:\/\/e-sustav.enel.hr\/wp-content\/uploads\/2016\/10\/3-450x253.png 450w, https:\/\/e-sustav.enel.hr\/wp-content\/uploads\/2016\/10\/3.png 1366w\" sizes=\"(max-width: 300px) 100vw, 300px\" \/><\/a><\/p>\n<p style=\"text-align: center;\"><em>Slika 3:\u00a0<\/em><em>Mogu\u0107nost vo\u0111enja dodatnih podataka o radniku<\/em><\/p>\n<hr \/>\n<p style=\"text-align: center;\"><a href=\"http:\/\/www.enel-sustav.hr\/wp-content\/uploads\/2016\/10\/4.png\"><img loading=\"lazy\" class=\"alignnone size-medium wp-image-580 aligncenter\" src=\"http:\/\/www.enel-sustav.hr\/wp-content\/uploads\/2016\/10\/4-300x169.png\" alt=\"\" width=\"300\" height=\"169\" srcset=\"https:\/\/e-sustav.enel.hr\/wp-content\/uploads\/2016\/10\/4-300x169.png 300w, https:\/\/e-sustav.enel.hr\/wp-content\/uploads\/2016\/10\/4-1030x579.png 1030w, https:\/\/e-sustav.enel.hr\/wp-content\/uploads\/2016\/10\/4-705x396.png 705w, https:\/\/e-sustav.enel.hr\/wp-content\/uploads\/2016\/10\/4-450x253.png 450w, https:\/\/e-sustav.enel.hr\/wp-content\/uploads\/2016\/10\/4.png 1366w\" sizes=\"(max-width: 300px) 100vw, 300px\" \/><\/a><\/p>\n<p style=\"text-align: center;\"><em>S<\/em><em>lika 4:\u00a0Popis svih izvje\u0161\u0107a koje je mogu\u0107e dobiti<\/em><\/p>\n<\/div><\/section>\n\n<style type=\"text\/css\" data-created_by=\"avia_inline_auto\" id=\"style-css-av-av_heading-5b278926037be2b592ee650235a367c5\">\n#top .av-special-heading.av-av_heading-5b278926037be2b592ee650235a367c5{\npadding-bottom:10px;\ncolor:#2d5c88;\n}\nbody .av-special-heading.av-av_heading-5b278926037be2b592ee650235a367c5 .av-special-heading-tag .heading-char{\nfont-size:25px;\n}\n.av-special-heading.av-av_heading-5b278926037be2b592ee650235a367c5 .special-heading-inner-border{\nborder-color:#2d5c88;\n}\n.av-special-heading.av-av_heading-5b278926037be2b592ee650235a367c5 .av-subheading{\nfont-size:15px;\n}\n<\/style>\n<div  class='av-special-heading av-av_heading-5b278926037be2b592ee650235a367c5 av-special-heading-h6 custom-color-heading  avia-builder-el-3  el_after_av_textblock  el_before_av_one_full '><h6 class='av-special-heading-tag'  itemprop=\"headline\"  >Obra\u010dun pla\u0107e<\/h6><div class=\"special-heading-border\"><div class=\"special-heading-inner-border\"><\/div><\/div><\/div>\n\n<style type=\"text\/css\" data-created_by=\"avia_inline_auto\" id=\"style-css-av-av_one_full-6126cab7d8fab8d08143dd2dacdf673c\">\n.flex_column.av-av_one_full-6126cab7d8fab8d08143dd2dacdf673c{\nborder-radius:0px 0px 0px 0px;\n-webkit-border-radius:0px 0px 0px 0px;\n-moz-border-radius:0px 0px 0px 0px;\n}\n<\/style>\n<div class='flex_column av-av_one_full-6126cab7d8fab8d08143dd2dacdf673c av_one_full  avia-builder-el-4  el_after_av_heading  avia-builder-el-last  first flex_column_div av-zero-column-padding '   ><section  class='av_textblock_section av-av_textblock-396ddf1f42196ca838231e61a4602801'  itemscope=\"itemscope\" itemtype=\"https:\/\/schema.org\/CreativeWork\" ><div class='avia_textblock'  itemprop=\"text\" ><p style=\"text-align: left;\">Aplikacija <strong>Obra\u010dun pla\u0107a<\/strong> obuhva\u0107a niz slo\u017eenih modula tipa unosa evidencije kadrova, unosa korekcija, stimulacija i kredita, generiranja dodataka i virmana, \u010dije pravilno popunjavanje i generiranje prethodi svakom obra\u010dunu koji se tako\u0111er pokre\u0107e iz ove aplikacije. Tu je i mno\u0161tvo izvje\u0161\u0107a vezanih za sami obra\u010dun kao i sve nabrojane tipove modula.<\/p>\n<p style=\"text-align: center;\"><em>Slika 1: Mjese\u010dna evidencija zaposlenika. Mjesto za unos prisutnosti i svih drugih\u00a0 parametra za obra\u010dun\u00a0 zaposlenika.<\/em><\/p>\n<p style=\"text-align: center;\"><a href=\"http:\/\/www.enel-sustav.hr\/wp-content\/uploads\/2016\/10\/1.1.png\"><img loading=\"lazy\" class=\" size-medium wp-image-587 aligncenter\" src=\"http:\/\/www.enel-sustav.hr\/wp-content\/uploads\/2016\/10\/1.1-300x169.png\" alt=\"\" width=\"300\" height=\"169\" srcset=\"https:\/\/e-sustav.enel.hr\/wp-content\/uploads\/2016\/10\/1.1-300x169.png 300w, https:\/\/e-sustav.enel.hr\/wp-content\/uploads\/2016\/10\/1.1-1030x579.png 1030w, https:\/\/e-sustav.enel.hr\/wp-content\/uploads\/2016\/10\/1.1-705x396.png 705w, https:\/\/e-sustav.enel.hr\/wp-content\/uploads\/2016\/10\/1.1-450x253.png 450w, https:\/\/e-sustav.enel.hr\/wp-content\/uploads\/2016\/10\/1.1.png 1366w\" sizes=\"(max-width: 300px) 100vw, 300px\" \/><\/a><\/p>\n<hr \/>\n<p style=\"text-align: center;\"><em>Slika 2: Maska za obra\u010dun pla\u0107e<\/em><\/p>\n<p style=\"text-align: center;\"><a href=\"http:\/\/www.enel-sustav.hr\/wp-content\/uploads\/2016\/10\/23.png\"><img loading=\"lazy\" class=\"size-medium wp-image-593 aligncenter\" src=\"http:\/\/www.enel-sustav.hr\/wp-content\/uploads\/2016\/10\/23-300x169.png\" alt=\"\" width=\"300\" height=\"169\" srcset=\"https:\/\/e-sustav.enel.hr\/wp-content\/uploads\/2016\/10\/23-300x169.png 300w, https:\/\/e-sustav.enel.hr\/wp-content\/uploads\/2016\/10\/23-1030x579.png 1030w, https:\/\/e-sustav.enel.hr\/wp-content\/uploads\/2016\/10\/23-705x396.png 705w, https:\/\/e-sustav.enel.hr\/wp-content\/uploads\/2016\/10\/23-450x253.png 450w, https:\/\/e-sustav.enel.hr\/wp-content\/uploads\/2016\/10\/23.png 1366w\" sizes=\"(max-width: 300px) 100vw, 300px\" \/><\/a><\/p>\n<hr \/>\n<p style=\"text-align: center;\"><em>Slika 3: Popis svih izvje\u0161\u0107a vezanih uz obra\u010dun pla\u0107e<\/em><\/p>\n<p style=\"text-align: center;\"><a href=\"http:\/\/www.enel-sustav.hr\/wp-content\/uploads\/2016\/10\/33.png\"><img loading=\"lazy\" class=\"size-medium wp-image-594 aligncenter\" src=\"http:\/\/www.enel-sustav.hr\/wp-content\/uploads\/2016\/10\/33-300x169.png\" alt=\"\" width=\"300\" height=\"169\" srcset=\"https:\/\/e-sustav.enel.hr\/wp-content\/uploads\/2016\/10\/33-300x169.png 300w, https:\/\/e-sustav.enel.hr\/wp-content\/uploads\/2016\/10\/33-1030x579.png 1030w, https:\/\/e-sustav.enel.hr\/wp-content\/uploads\/2016\/10\/33-705x396.png 705w, https:\/\/e-sustav.enel.hr\/wp-content\/uploads\/2016\/10\/33-450x253.png 450w, https:\/\/e-sustav.enel.hr\/wp-content\/uploads\/2016\/10\/33.png 1366w\" sizes=\"(max-width: 300px) 100vw, 300px\" \/><\/a><\/p>\n<hr \/>\n<p style=\"text-align: center;\"><em>Slika 4: Sva potrebna mjese\u010dna i godi\u0161nja izvje\u0161\u0107a vezana za obra\u010dun pla\u0107e<\/em><\/p>\n<p style=\"text-align: center;\"><a href=\"http:\/\/www.enel-sustav.hr\/wp-content\/uploads\/2016\/10\/43.png\"><img loading=\"lazy\" class=\"size-medium wp-image-595 aligncenter\" src=\"http:\/\/www.enel-sustav.hr\/wp-content\/uploads\/2016\/10\/43-300x169.png\" alt=\"\" width=\"300\" height=\"169\" srcset=\"https:\/\/e-sustav.enel.hr\/wp-content\/uploads\/2016\/10\/43-300x169.png 300w, https:\/\/e-sustav.enel.hr\/wp-content\/uploads\/2016\/10\/43-1030x579.png 1030w, https:\/\/e-sustav.enel.hr\/wp-content\/uploads\/2016\/10\/43-705x396.png 705w, https:\/\/e-sustav.enel.hr\/wp-content\/uploads\/2016\/10\/43-450x253.png 450w, https:\/\/e-sustav.enel.hr\/wp-content\/uploads\/2016\/10\/43.png 1366w\" sizes=\"(max-width: 300px) 100vw, 300px\" \/><\/a><\/p>\n<hr \/>\n<p style=\"text-align: center;\"><em>Slika 5: Mogu\u0107nost prebacivanja obra\u010duna u modul <strong>Financijsko<\/strong><\/em><\/p>\n<p style=\"text-align: center;\"><em><img loading=\"lazy\" class=\"size-medium wp-image-591 aligncenter\" src=\"http:\/\/www.enel-sustav.hr\/wp-content\/uploads\/2016\/10\/51-300x169.png\" alt=\"\" width=\"300\" height=\"169\" srcset=\"https:\/\/e-sustav.enel.hr\/wp-content\/uploads\/2016\/10\/51-300x169.png 300w, https:\/\/e-sustav.enel.hr\/wp-content\/uploads\/2016\/10\/51-1030x579.png 1030w, https:\/\/e-sustav.enel.hr\/wp-content\/uploads\/2016\/10\/51-705x396.png 705w, https:\/\/e-sustav.enel.hr\/wp-content\/uploads\/2016\/10\/51-450x253.png 450w, https:\/\/e-sustav.enel.hr\/wp-content\/uploads\/2016\/10\/51.png 1366w\" sizes=\"(max-width: 300px) 100vw, 300px\" \/><\/em><\/p>\n<hr \/>\n<p style=\"text-align: center;\"><em>Slika 6: Mogu\u0107nost izrade <strong>Kona\u010dnog obra\u010duna<\/strong> na kraju godine<\/em><\/p>\n<p><a href=\"http:\/\/www.enel-sustav.hr\/wp-content\/uploads\/2016\/10\/61.png\"><img loading=\"lazy\" class=\"size-medium wp-image-592 aligncenter\" src=\"http:\/\/www.enel-sustav.hr\/wp-content\/uploads\/2016\/10\/61-300x169.png\" alt=\"\" width=\"300\" height=\"169\" srcset=\"https:\/\/e-sustav.enel.hr\/wp-content\/uploads\/2016\/10\/61-300x169.png 300w, https:\/\/e-sustav.enel.hr\/wp-content\/uploads\/2016\/10\/61-1030x579.png 1030w, https:\/\/e-sustav.enel.hr\/wp-content\/uploads\/2016\/10\/61-705x396.png 705w, https:\/\/e-sustav.enel.hr\/wp-content\/uploads\/2016\/10\/61-450x253.png 450w, https:\/\/e-sustav.enel.hr\/wp-content\/uploads\/2016\/10\/61.png 1366w\" sizes=\"(max-width: 300px) 100vw, 300px\" \/><\/a><\/p>\n<\/div><\/section><\/div>\n","protected":false},"excerpt":{"rendered":"","protected":false},"author":1,"featured_media":0,"parent":540,"menu_order":0,"comment_status":"open","ping_status":"open","template":"","meta":[],"_links":{"self":[{"href":"https:\/\/e-sustav.enel.hr\/index.php?rest_route=\/wp\/v2\/pages\/576"}],"collection":[{"href":"https:\/\/e-sustav.enel.hr\/index.php?rest_route=\/wp\/v2\/pages"}],"about":[{"href":"https:\/\/e-sustav.enel.hr\/index.php?rest_route=\/wp\/v2\/types\/page"}],"author":[{"embeddable":true,"href":"https:\/\/e-sustav.enel.hr\/index.php?rest_route=\/wp\/v2\/users\/1"}],"replies":[{"embeddable":true,"href":"https:\/\/e-sustav.enel.hr\/index.php?rest_route=%2Fwp%2Fv2%2Fcomments&post=576"}],"version-history":[{"count":13,"href":"https:\/\/e-sustav.enel.hr\/index.php?rest_route=\/wp\/v2\/pages\/576\/revisions"}],"predecessor-version":[{"id":709,"href":"https:\/\/e-sustav.enel.hr\/index.php?rest_route=\/wp\/v2\/pages\/576\/revisions\/709"}],"up":[{"embeddable":true,"href":"https:\/\/e-sustav.enel.hr\/index.php?rest_route=\/wp\/v2\/pages\/540"}],"wp:attachment":[{"href":"https:\/\/e-sustav.enel.hr\/index.php?rest_route=%2Fwp%2Fv2%2Fmedia&parent=576"}],"curies":[{"name":"wp","href":"https:\/\/api.w.org\/{rel}","templated":true}]}}