{"id":456,"date":"2016-02-24T12:49:19","date_gmt":"2016-02-24T11:49:19","guid":{"rendered":"http:\/\/www.enel-sustav.hr\/?page_id=456"},"modified":"2018-09-01T12:29:24","modified_gmt":"2018-09-01T11:29:24","slug":"dugotrajna-imovina","status":"publish","type":"page","link":"https:\/\/e-sustav.enel.hr\/?page_id=456","title":{"rendered":"Dugotrajna imovina"},"content":{"rendered":"<p><strong>Dugotrajna imovina<\/strong> namijenjena je vo\u0111enju knjigovodstva dugotrajne imovine i sitnog inventara sa svim specifi\u010dnostima za profitne organizacije.<\/p>\n<p>Podsustav evidentira podatke o svim promjenama vrijednosti i koli\u010dine osnovnih sredstava. Isto tako, program dokumentima tipa prezadu\u017eenja omogu\u0107uje pra\u0107enje kretanja sredstva (sitnog inventara i osnovnog sredstva) po lokacijama i organizacijskim jedinicama. Automatizirano je financijsko knji\u017eenje svih promjena na osnovnim sredstvima.<\/p>\n<p>Inventura je podr\u017eana bar kod \u010dita\u010dem za sva sredstva koja su identificirana bar kodom.<\/p>\n<p><a href=\"http:\/\/www.enel-sustav.hr\/wp-content\/uploads\/2016\/02\/Automatski-prijenos-u-GK-dokumenata-osnovnog-sredstva.jpg\"><img loading=\"lazy\" class=\" size-medium wp-image-457 aligncenter\" src=\"http:\/\/www.enel-sustav.hr\/wp-content\/uploads\/2016\/02\/Automatski-prijenos-u-GK-dokumenata-osnovnog-sredstva-300x201.jpg\" alt=\"Automatski prijenos u GK dokumenata osnovnog sredstva\" width=\"300\" height=\"201\" srcset=\"https:\/\/e-sustav.enel.hr\/wp-content\/uploads\/2016\/02\/Automatski-prijenos-u-GK-dokumenata-osnovnog-sredstva-300x201.jpg 300w, https:\/\/e-sustav.enel.hr\/wp-content\/uploads\/2016\/02\/Automatski-prijenos-u-GK-dokumenata-osnovnog-sredstva-705x472.jpg 705w, https:\/\/e-sustav.enel.hr\/wp-content\/uploads\/2016\/02\/Automatski-prijenos-u-GK-dokumenata-osnovnog-sredstva-450x302.jpg 450w, https:\/\/e-sustav.enel.hr\/wp-content\/uploads\/2016\/02\/Automatski-prijenos-u-GK-dokumenata-osnovnog-sredstva.jpg 758w\" sizes=\"(max-width: 300px) 100vw, 300px\" \/><\/a><\/p>\n<p style=\"text-align: center\"><em>Slika: Automatski prijenos u GK dokumenata osnovnog sredstva<\/em><\/p>\n\n<style type=\"text\/css\" data-created_by=\"avia_inline_auto\" id=\"style-css-av-sivy0-82d6601cc23ec27d8bbcf9c437fae149\">\n#top .hr.hr-invisible.av-sivy0-82d6601cc23ec27d8bbcf9c437fae149{\nheight:50px;\n}\n<\/style>\n<div  class='hr av-sivy0-82d6601cc23ec27d8bbcf9c437fae149 hr-invisible  avia-builder-el-0  el_before_av_hr  avia-builder-el-first '><span class='hr-inner '><span class=\"hr-inner-style\"><\/span><\/span><\/div>\n<p style=\"text-align: center\"><a href=\"http:\/\/www.enel-sustav.hr\/wp-content\/uploads\/2016\/02\/Automatsko-kontiranja-sredstava-DI.jpg\"><img loading=\"lazy\" class=\"alignnone size-medium wp-image-458\" src=\"http:\/\/www.enel-sustav.hr\/wp-content\/uploads\/2016\/02\/Automatsko-kontiranja-sredstava-DI-300x112.jpg\" alt=\"Automatsko kontiranja sredstava DI\" width=\"300\" height=\"112\" srcset=\"https:\/\/e-sustav.enel.hr\/wp-content\/uploads\/2016\/02\/Automatsko-kontiranja-sredstava-DI-300x112.jpg 300w, https:\/\/e-sustav.enel.hr\/wp-content\/uploads\/2016\/02\/Automatsko-kontiranja-sredstava-DI-1030x385.jpg 1030w, https:\/\/e-sustav.enel.hr\/wp-content\/uploads\/2016\/02\/Automatsko-kontiranja-sredstava-DI-705x263.jpg 705w, https:\/\/e-sustav.enel.hr\/wp-content\/uploads\/2016\/02\/Automatsko-kontiranja-sredstava-DI-450x168.jpg 450w, https:\/\/e-sustav.enel.hr\/wp-content\/uploads\/2016\/02\/Automatsko-kontiranja-sredstava-DI.jpg 1106w\" sizes=\"(max-width: 300px) 100vw, 300px\" \/><\/a><\/p>\n<p style=\"text-align: center\"><em>Slika: Automatsko kontiranja sredstava DI<\/em><\/p>\n<p style=\"text-align: center\">\n<style type=\"text\/css\" data-created_by=\"avia_inline_auto\" id=\"style-css-av-kogi8-dcf3210bfaa7325611297a5d96f0eda3\">\n#top .hr.hr-invisible.av-kogi8-dcf3210bfaa7325611297a5d96f0eda3{\nheight:50px;\n}\n<\/style>\n<div  class='hr av-kogi8-dcf3210bfaa7325611297a5d96f0eda3 hr-invisible  avia-builder-el-1  el_after_av_hr  el_before_av_hr '><span class='hr-inner '><span class=\"hr-inner-style\"><\/span><\/span><\/div><\/p>\n<p style=\"text-align: center\"><a href=\"http:\/\/www.enel-sustav.hr\/wp-content\/uploads\/2016\/02\/Obracun-amortizacije.jpg\"><img loading=\"lazy\" class=\"alignnone size-medium wp-image-459\" src=\"http:\/\/www.enel-sustav.hr\/wp-content\/uploads\/2016\/02\/Obracun-amortizacije-300x174.jpg\" alt=\"Obracun amortizacije\" width=\"300\" height=\"174\" srcset=\"https:\/\/e-sustav.enel.hr\/wp-content\/uploads\/2016\/02\/Obracun-amortizacije-300x174.jpg 300w, https:\/\/e-sustav.enel.hr\/wp-content\/uploads\/2016\/02\/Obracun-amortizacije-705x410.jpg 705w, https:\/\/e-sustav.enel.hr\/wp-content\/uploads\/2016\/02\/Obracun-amortizacije-450x262.jpg 450w, https:\/\/e-sustav.enel.hr\/wp-content\/uploads\/2016\/02\/Obracun-amortizacije.jpg 750w\" sizes=\"(max-width: 300px) 100vw, 300px\" \/><\/a><\/p>\n<p style=\"text-align: center\"><em>Slika: Obra\u010dun amortizacije<\/em><\/p>\n<p style=\"text-align: center\">\n<style type=\"text\/css\" data-created_by=\"avia_inline_auto\" id=\"style-css-av-gi25k-c68eb14ed4ac29a5c4ed888c7f880fab\">\n#top .hr.hr-invisible.av-gi25k-c68eb14ed4ac29a5c4ed888c7f880fab{\nheight:50px;\n}\n<\/style>\n<div  class='hr av-gi25k-c68eb14ed4ac29a5c4ed888c7f880fab hr-invisible  avia-builder-el-2  el_after_av_hr  el_before_av_hr '><span class='hr-inner '><span class=\"hr-inner-style\"><\/span><\/span><\/div><\/p>\n<p style=\"text-align: center\"><a href=\"http:\/\/www.enel-sustav.hr\/wp-content\/uploads\/2016\/02\/Pracenje-statusa-osnovnog-sredstva.jpg\"><img loading=\"lazy\" class=\"alignnone size-medium wp-image-460\" src=\"http:\/\/www.enel-sustav.hr\/wp-content\/uploads\/2016\/02\/Pracenje-statusa-osnovnog-sredstva-300x136.jpg\" alt=\"Pracenje statusa osnovnog sredstva\" width=\"300\" height=\"136\" srcset=\"https:\/\/e-sustav.enel.hr\/wp-content\/uploads\/2016\/02\/Pracenje-statusa-osnovnog-sredstva-300x136.jpg 300w, https:\/\/e-sustav.enel.hr\/wp-content\/uploads\/2016\/02\/Pracenje-statusa-osnovnog-sredstva-705x321.jpg 705w, https:\/\/e-sustav.enel.hr\/wp-content\/uploads\/2016\/02\/Pracenje-statusa-osnovnog-sredstva-450x205.jpg 450w, https:\/\/e-sustav.enel.hr\/wp-content\/uploads\/2016\/02\/Pracenje-statusa-osnovnog-sredstva.jpg 833w\" sizes=\"(max-width: 300px) 100vw, 300px\" \/><\/a><\/p>\n<p style=\"text-align: center\"><em>Slika: Pra\u0107enje statusa osnovnog sredstva<\/em><\/p>\n<p style=\"text-align: center\">\n<style type=\"text\/css\" data-created_by=\"avia_inline_auto\" id=\"style-css-av-acpsg-1951bcb8439b03efdfe0c70c8333d3ec\">\n#top .hr.hr-invisible.av-acpsg-1951bcb8439b03efdfe0c70c8333d3ec{\nheight:50px;\n}\n<\/style>\n<div  class='hr av-acpsg-1951bcb8439b03efdfe0c70c8333d3ec hr-invisible  avia-builder-el-3  el_after_av_hr  avia-builder-el-last '><span class='hr-inner '><span class=\"hr-inner-style\"><\/span><\/span><\/div><\/p>\n<p style=\"text-align: center\"><a href=\"http:\/\/www.enel-sustav.hr\/wp-content\/uploads\/2016\/02\/Izvjesce-kartica-osnovnog-sredstva.jpg\"><img loading=\"lazy\" class=\"alignnone size-medium wp-image-461\" src=\"http:\/\/www.enel-sustav.hr\/wp-content\/uploads\/2016\/02\/Izvjesce-kartica-osnovnog-sredstva-300x152.jpg\" alt=\"Izvjesce kartica osnovnog sredstva\" width=\"300\" height=\"152\" srcset=\"https:\/\/e-sustav.enel.hr\/wp-content\/uploads\/2016\/02\/Izvjesce-kartica-osnovnog-sredstva-300x152.jpg 300w, https:\/\/e-sustav.enel.hr\/wp-content\/uploads\/2016\/02\/Izvjesce-kartica-osnovnog-sredstva-1030x521.jpg 1030w, https:\/\/e-sustav.enel.hr\/wp-content\/uploads\/2016\/02\/Izvjesce-kartica-osnovnog-sredstva-705x357.jpg 705w, https:\/\/e-sustav.enel.hr\/wp-content\/uploads\/2016\/02\/Izvjesce-kartica-osnovnog-sredstva-450x228.jpg 450w, https:\/\/e-sustav.enel.hr\/wp-content\/uploads\/2016\/02\/Izvjesce-kartica-osnovnog-sredstva.jpg 1071w\" sizes=\"(max-width: 300px) 100vw, 300px\" \/><\/a><\/p>\n<p style=\"text-align: center\"><em>Slika: Izvje\u0161\u0107e kartica osnovnog sredstva<\/em><\/p>\n","protected":false},"excerpt":{"rendered":"<p>Dugotrajna imovina namijenjena je vo\u0111enju knjigovodstva dugotrajne imovine i sitnog inventara sa svim specifi\u010dnostima za profitne organizacije. Podsustav evidentira podatke o svim promjenama vrijednosti i koli\u010dine osnovnih sredstava. Isto tako, program dokumentima tipa prezadu\u017eenja omogu\u0107uje pra\u0107enje kretanja sredstva (sitnog inventara i osnovnog sredstva) po lokacijama i organizacijskim jedinicama. Automatizirano je financijsko knji\u017eenje svih promjena na [&hellip;]<\/p>\n","protected":false},"author":1,"featured_media":0,"parent":63,"menu_order":0,"comment_status":"open","ping_status":"open","template":"","meta":[],"_links":{"self":[{"href":"https:\/\/e-sustav.enel.hr\/index.php?rest_route=\/wp\/v2\/pages\/456"}],"collection":[{"href":"https:\/\/e-sustav.enel.hr\/index.php?rest_route=\/wp\/v2\/pages"}],"about":[{"href":"https:\/\/e-sustav.enel.hr\/index.php?rest_route=\/wp\/v2\/types\/page"}],"author":[{"embeddable":true,"href":"https:\/\/e-sustav.enel.hr\/index.php?rest_route=\/wp\/v2\/users\/1"}],"replies":[{"embeddable":true,"href":"https:\/\/e-sustav.enel.hr\/index.php?rest_route=%2Fwp%2Fv2%2Fcomments&post=456"}],"version-history":[{"count":4,"href":"https:\/\/e-sustav.enel.hr\/index.php?rest_route=\/wp\/v2\/pages\/456\/revisions"}],"predecessor-version":[{"id":793,"href":"https:\/\/e-sustav.enel.hr\/index.php?rest_route=\/wp\/v2\/pages\/456\/revisions\/793"}],"up":[{"embeddable":true,"href":"https:\/\/e-sustav.enel.hr\/index.php?rest_route=\/wp\/v2\/pages\/63"}],"wp:attachment":[{"href":"https:\/\/e-sustav.enel.hr\/index.php?rest_route=%2Fwp%2Fv2%2Fmedia&parent=456"}],"curies":[{"name":"wp","href":"https:\/\/api.w.org\/{rel}","templated":true}]}}