{"id":16,"date":"2015-02-09T12:32:53","date_gmt":"2015-02-09T11:32:53","guid":{"rendered":"http:\/\/www.enel-sustav.hr\/?page_id=16"},"modified":"2020-03-06T13:31:53","modified_gmt":"2020-03-06T12:31:53","slug":"sustav-erp","status":"publish","type":"page","link":"https:\/\/e-sustav.enel.hr\/?page_id=16","title":{"rendered":"Sustav ERP"},"content":{"rendered":"\n<style type=\"text\/css\" data-created_by=\"avia_inline_auto\" id=\"style-css-av-8uyf4-5037fedb83b922970a5c5a53bd3a3d96\">\n.flex_column.av-8uyf4-5037fedb83b922970a5c5a53bd3a3d96{\nborder-radius:0px 0px 0px 0px;\n-webkit-border-radius:0px 0px 0px 0px;\n-moz-border-radius:0px 0px 0px 0px;\n}\n<\/style>\n<div class='flex_column av-8uyf4-5037fedb83b922970a5c5a53bd3a3d96 av_one_full  avia-builder-el-0  el_before_av_heading  avia-builder-el-first  first flex_column_div av-zero-column-padding '   ><section  class='av_textblock_section av-869j4-c32e0d7af2dc011dffaa44ce80feac97'  itemscope=\"itemscope\" itemtype=\"https:\/\/schema.org\/CreativeWork\" ><div class='avia_textblock'  itemprop=\"text\" ><p class=\"sadrzaj\">Sustav ERP\u00a0\u00ae je programsko rje\u0161enje za upravljanje cjelokupnim poslovanjem malih, srednjih i velikih trgova\u010dkih, uslu\u017enih i proizvodnih poduze\u0107a.<\/p>\n<p class=\"sadrzaj\">U svakom trenutku pru\u017ea uvid u sve klju\u010dne informacije neophodne za kvalitetno poslovno odlu\u010divanje i planiranje resursa kako bi se tvrtka br\u017ee odazvala izazovima i prihvatila\u00a0nove mogu\u0107nosti na tr\u017ei\u0161tu te pove\u0107ala svoju produktivnost.<\/p>\n<p>Svi moduli Sustav ERP \u00ae rje\u0161enja su potpuno integrirani, te osiguravaju potpunu pokrivenost svih relevantnih poslovnih procesa financija i ra\u010dunovodstva, kao i primjenu najbolje poslovne prakse koja je rezultat dugogodi\u0161njeg iskustva i aktivnog rada sa korisnicima.<\/p>\n<p>Sustav ERP \u00ae se razvija i unaprje\u0111uje koriste\u0107i procesni pristup koji u sredi\u0161te pozornosti stavlja korisnika i njegove poslovne potrebe, a programsko rje\u0161enje se prilago\u0111ava tim potrebama. To omogu\u0107ava da se podatci unose samo jednom, a zatim su raspolo\u017eivi u svim modulima Sustav ERP \u00ae rje\u0161enja. Programske funkcionalnosti prate logi\u010dki slijed poslovnih aktivnosti, a integriranost modula omogu\u0107ava veliki broj automatskih knji\u017eenja \u0161to zna\u010dajno skra\u0107uje trajanje procesa, dok je izvje\u0161tavanje potpuno prilago\u0111eno potrebama korisnika.<\/p>\n<p>Procesni pristup zna\u010dajno skra\u0107uje vrijeme reakcije na sve promjene u poslovnom okru\u017eenju i zakonskoj regulativi te omogu\u0107ava da sve zakonske izmjene i korisni\u010dki zahtjevi budu implementirani u Sustav ERP \u00ae i raspolo\u017eivi korisniku u najkra\u0107em mogu\u0107em roku.<\/p>\n<\/div><\/section><\/div>\n\n<style type=\"text\/css\" data-created_by=\"avia_inline_auto\" id=\"style-css-av-av_heading-ad70c91ccc421eb02ef1f767d62711bc\">\n#top .av-special-heading.av-av_heading-ad70c91ccc421eb02ef1f767d62711bc{\npadding-bottom:10px;\n}\nbody .av-special-heading.av-av_heading-ad70c91ccc421eb02ef1f767d62711bc .av-special-heading-tag .heading-char{\nfont-size:25px;\n}\n.av-special-heading.av-av_heading-ad70c91ccc421eb02ef1f767d62711bc .av-subheading{\nfont-size:15px;\n}\n<\/style>\n<div  class='av-special-heading av-av_heading-ad70c91ccc421eb02ef1f767d62711bc av-special-heading-h5 meta-heading  avia-builder-el-2  el_after_av_one_full  el_before_av_hr '><h5 class='av-special-heading-tag'  itemprop=\"headline\"  >Saznajte vi\u0161e<\/h5><div class=\"special-heading-border\"><div class=\"special-heading-inner-border\"><\/div><\/div><\/div>\n\n<style type=\"text\/css\" data-created_by=\"avia_inline_auto\" id=\"style-css-av-72ysk-20fbaa5dac6063bd7cee5c4261395027\">\n#top .hr.hr-invisible.av-72ysk-20fbaa5dac6063bd7cee5c4261395027{\nheight:35px;\n}\n<\/style>\n<div  class='hr av-72ysk-20fbaa5dac6063bd7cee5c4261395027 hr-invisible  avia-builder-el-3  el_after_av_heading  el_before_av_three_fifth '><span class='hr-inner '><span class=\"hr-inner-style\"><\/span><\/span><\/div>\n\n<style type=\"text\/css\" data-created_by=\"avia_inline_auto\" id=\"style-css-av-6hepo-b72f70b1de56a6c73ac47161daa92972\">\n.flex_column.av-6hepo-b72f70b1de56a6c73ac47161daa92972{\nborder-radius:0px 0px 0px 0px;\n-webkit-border-radius:0px 0px 0px 0px;\n-moz-border-radius:0px 0px 0px 0px;\n}\n<\/style>\n<div class='flex_column av-6hepo-b72f70b1de56a6c73ac47161daa92972 av_three_fifth  avia-builder-el-4  el_after_av_hr  avia-builder-el-last  first flex_column_div av-zero-column-padding '   ><style type=\"text\/css\" data-created_by=\"avia_inline_auto\" id=\"style-css-av-5o4p8-698fc79383ed222d83dbb7d148753fa7\">\n#top .avia-icon-list-container.av-5o4p8-698fc79383ed222d83dbb7d148753fa7 .iconlist_icon{\ncolor:#ffffff;\nbackground-color:#2d5c88;\n}\n<\/style>\n<div  class='avia-icon-list-container av-5o4p8-698fc79383ed222d83dbb7d148753fa7  avia-builder-el-5  avia-builder-el-no-sibling '><ul class='avia-icon-list avia_animate_when_almost_visible avia-icon-list-left av-iconlist-big av-5o4p8-698fc79383ed222d83dbb7d148753fa7 avia-iconlist-animate'>\n<li><a href='https:\/\/e-sustav.enel.hr\/?page_id=51' title='Prednosti rje\u0161enja'  target=\"_blank\"  rel=\"noopener noreferrer\" class='iconlist_icon av-4uygw-01585ba80d8cc12f58b602b01d0f11cb avia-font-entypo-fontello'><span class='iconlist-char' aria-hidden='true' data-av_icon='\ue812' data-av_iconfont='entypo-fontello'><\/span><\/a><article class=\"article-icon-entry av-iconlist-empty\"  itemscope=\"itemscope\" itemtype=\"https:\/\/schema.org\/CreativeWork\" ><div class=\"iconlist_content_wrap\"><header class=\"entry-content-header\"><h4 class='av_iconlist_title iconlist_title  '  itemprop=\"headline\" ><a href='https:\/\/e-sustav.enel.hr\/?page_id=51' title='Prednosti rje\u0161enja' target=\"_blank\"  rel=\"noopener noreferrer\">Prednosti rje\u0161enja<\/a><\/h4><\/header><div class='iconlist_content '  itemprop=\"text\" ><\/div><\/div><footer class=\"entry-footer\"><\/footer><\/article><div class=\"iconlist-timeline\"><\/div><\/li>\n<li><a href='https:\/\/e-sustav.enel.hr\/?page_id=63' title='Funkcionalnosti rje\u0161enja'  target=\"_blank\"  rel=\"noopener noreferrer\" class='iconlist_icon av-4pdmc-95bda1c9981535426be336c1384fa6fa avia-font-entypo-fontello'><span class='iconlist-char' aria-hidden='true' data-av_icon='\ue823' data-av_iconfont='entypo-fontello'><\/span><\/a><article class=\"article-icon-entry av-iconlist-empty\"  itemscope=\"itemscope\" itemtype=\"https:\/\/schema.org\/CreativeWork\" ><div class=\"iconlist_content_wrap\"><header class=\"entry-content-header\"><h4 class='av_iconlist_title iconlist_title  '  itemprop=\"headline\" ><a href='https:\/\/e-sustav.enel.hr\/?page_id=63' title='Funkcionalnosti rje\u0161enja' target=\"_blank\"  rel=\"noopener noreferrer\">Funkcionalnosti rje\u0161enja<\/a><\/h4><\/header><div class='iconlist_content '  itemprop=\"text\" ><\/div><\/div><footer class=\"entry-footer\"><\/footer><\/article><div class=\"iconlist-timeline\"><\/div><\/li>\n<li><a href='https:\/\/e-sustav.enel.hr\/?page_id=71' title='Sustav plus'  target=\"_blank\"  rel=\"noopener noreferrer\" class='iconlist_icon av-45bxs-ac54d5f3700a4efc2f209f9b33163d98 avia-font-entypo-fontello'><span class='iconlist-char' aria-hidden='true' data-av_icon='\ue816' data-av_iconfont='entypo-fontello'><\/span><\/a><article class=\"article-icon-entry av-iconlist-empty\"  itemscope=\"itemscope\" itemtype=\"https:\/\/schema.org\/CreativeWork\" ><div class=\"iconlist_content_wrap\"><header class=\"entry-content-header\"><h4 class='av_iconlist_title iconlist_title  '  itemprop=\"headline\" ><a href='https:\/\/e-sustav.enel.hr\/?page_id=71' title='Sustav plus' target=\"_blank\"  rel=\"noopener noreferrer\">Sustav plus<\/a><\/h4><\/header><div class='iconlist_content '  itemprop=\"text\" ><\/div><\/div><footer class=\"entry-footer\"><\/footer><\/article><div class=\"iconlist-timeline\"><\/div><\/li>\n<li><a href='https:\/\/e-sustav.enel.hr\/?page_id=522' title='Specijalizirano ERP rje\u0161enje'  target=\"_blank\"  rel=\"noopener noreferrer\" class='iconlist_icon av-38lgs-73b0ee6fc23a753f758ee5295048bbff avia-font-entypo-fontello'><span class='iconlist-char' aria-hidden='true' data-av_icon='\ue822' data-av_iconfont='entypo-fontello'><\/span><\/a><article class=\"article-icon-entry av-iconlist-empty\"  itemscope=\"itemscope\" itemtype=\"https:\/\/schema.org\/CreativeWork\" ><div class=\"iconlist_content_wrap\"><header class=\"entry-content-header\"><h4 class='av_iconlist_title iconlist_title  '  itemprop=\"headline\" ><a href='https:\/\/e-sustav.enel.hr\/?page_id=522' title='Specijalizirano ERP rje\u0161enje' target=\"_blank\"  rel=\"noopener noreferrer\">Specijalizirano ERP rje\u0161enje<\/a><\/h4><\/header><div class='iconlist_content '  itemprop=\"text\" ><\/div><\/div><footer class=\"entry-footer\"><\/footer><\/article><div class=\"iconlist-timeline\"><\/div><\/li>\n<li><a href='https:\/\/e-sustav.enel.hr\/?page_id=26' title='Reference'  target=\"_blank\"  rel=\"noopener noreferrer\" class='iconlist_icon av-2w3p4-b92ee9e70d40043095920d1e8b66e23b avia-font-entypo-fontello'><span class='iconlist-char' aria-hidden='true' data-av_icon='\ue83c' data-av_iconfont='entypo-fontello'><\/span><\/a><article class=\"article-icon-entry av-iconlist-empty\"  itemscope=\"itemscope\" itemtype=\"https:\/\/schema.org\/CreativeWork\" ><div class=\"iconlist_content_wrap\"><header class=\"entry-content-header\"><h4 class='av_iconlist_title iconlist_title  '  itemprop=\"headline\" ><a href='https:\/\/e-sustav.enel.hr\/?page_id=26' title='Reference' target=\"_blank\"  rel=\"noopener noreferrer\">Reference<\/a><\/h4><\/header><div class='iconlist_content '  itemprop=\"text\" ><\/div><\/div><footer class=\"entry-footer\"><\/footer><\/article><div class=\"iconlist-timeline\"><\/div><\/li>\n<\/ul><\/div><\/div>\n","protected":false},"excerpt":{"rendered":"","protected":false},"author":1,"featured_media":0,"parent":0,"menu_order":0,"comment_status":"open","ping_status":"open","template":"","meta":[],"_links":{"self":[{"href":"https:\/\/e-sustav.enel.hr\/index.php?rest_route=\/wp\/v2\/pages\/16"}],"collection":[{"href":"https:\/\/e-sustav.enel.hr\/index.php?rest_route=\/wp\/v2\/pages"}],"about":[{"href":"https:\/\/e-sustav.enel.hr\/index.php?rest_route=\/wp\/v2\/types\/page"}],"author":[{"embeddable":true,"href":"https:\/\/e-sustav.enel.hr\/index.php?rest_route=\/wp\/v2\/users\/1"}],"replies":[{"embeddable":true,"href":"https:\/\/e-sustav.enel.hr\/index.php?rest_route=%2Fwp%2Fv2%2Fcomments&post=16"}],"version-history":[{"count":29,"href":"https:\/\/e-sustav.enel.hr\/index.php?rest_route=\/wp\/v2\/pages\/16\/revisions"}],"predecessor-version":[{"id":933,"href":"https:\/\/e-sustav.enel.hr\/index.php?rest_route=\/wp\/v2\/pages\/16\/revisions\/933"}],"wp:attachment":[{"href":"https:\/\/e-sustav.enel.hr\/index.php?rest_route=%2Fwp%2Fv2%2Fmedia&parent=16"}],"curies":[{"name":"wp","href":"https:\/\/api.w.org\/{rel}","templated":true}]}}