{"id":10,"date":"2015-02-09T12:30:30","date_gmt":"2015-02-09T11:30:30","guid":{"rendered":"http:\/\/www.enel-sustav.hr\/?page_id=10"},"modified":"2018-09-07T18:19:53","modified_gmt":"2018-09-07T17:19:53","slug":"naslovnica","status":"publish","type":"page","link":"https:\/\/e-sustav.enel.hr\/","title":{"rendered":"Naslovnica"},"content":{"rendered":"<div id='layer_slider_1'  class='avia-layerslider main_color avia-shadow  avia-builder-el-0  el_before_av_one_third  avia-builder-el-first  container_wrap sidebar_right'  style='height: 471px;'  ><\/div><div id='after_layer_slider_1'  class='main_color av_default_container_wrap container_wrap sidebar_right'  ><div class='container av-section-cont-open' ><div class='template-page content  av-content-small alpha units'><div class='post-entry post-entry-type-page post-entry-10'><div class='entry-content-wrapper clearfix'>\n<div class='flex_column av-ed14i-b74d0c1d59f4034ed9b50122f37e7604 av_one_third  avia-builder-el-1  el_after_av_layerslider  el_before_av_one_third  avia-builder-el-first  first flex_column_div '   ><style type=\"text\/css\" data-created_by=\"avia_inline_auto\" id=\"style-css-av-e7ake-c0430406494c2ebba04999492193a372\">\n.iconbox.av-e7ake-c0430406494c2ebba04999492193a372 .iconbox_icon{\nbackground-color:#2d5c88;\ncolor:#ffffff;\n}\n#top #wrap_all .iconbox.av-e7ake-c0430406494c2ebba04999492193a372 .iconbox_content_title{\ncolor:#444444;\n}\n<\/style>\n<article  class='iconbox iconbox_top av-e7ake-c0430406494c2ebba04999492193a372 av-no-box  avia-builder-el-2  avia-builder-el-no-sibling '  itemscope=\"itemscope\" itemtype=\"https:\/\/schema.org\/CreativeWork\" ><div class=\"iconbox_content\"><header class=\"entry-content-header\"><a href='https:\/\/e-sustav.enel.hr\/?page_id=16' title='Sustav ERP \u00ae'  class=\"iconbox_icon heading-color\" aria-hidden='true' data-av_icon='\ue823' data-av_iconfont='entypo-fontello'><\/a><h3 class='iconbox_content_title '  itemprop=\"headline\" ><a href='https:\/\/e-sustav.enel.hr\/?page_id=16' title='Sustav ERP \u00ae' >Sustav ERP \u00ae<\/a><\/h3><\/header><div class='iconbox_content_container '  itemprop=\"text\" ><p>Programsko rije\u0161enje za upravljanje cjelokupnim poslovanjem malih, srednjih i velikih trgova\u010dkih, uslu\u017enih i proizvodnih poduze\u0107a<\/p>\n<\/div><\/div><footer class=\"entry-footer\"><\/footer><\/article><\/div>\n<div class='flex_column av-dari2-8c63868e4e65e28cf1ce3459a4bb4dec av_one_third  avia-builder-el-3  el_after_av_one_third  el_before_av_one_third  flex_column_div '   ><style type=\"text\/css\" data-created_by=\"avia_inline_auto\" id=\"style-css-av-d29va-4cb0886a9d236acaca6fb516d82ca292\">\n.iconbox.av-d29va-4cb0886a9d236acaca6fb516d82ca292 .iconbox_icon{\nbackground-color:#2d5c88;\ncolor:#ffffff;\n}\n#top #wrap_all .iconbox.av-d29va-4cb0886a9d236acaca6fb516d82ca292 .iconbox_content_title{\ncolor:#444444;\n}\n<\/style>\n<article  class='iconbox iconbox_top av-d29va-4cb0886a9d236acaca6fb516d82ca292 av-no-box  avia-builder-el-4  avia-builder-el-no-sibling '  itemscope=\"itemscope\" itemtype=\"https:\/\/schema.org\/CreativeWork\" ><div class=\"iconbox_content\"><header class=\"entry-content-header\"><a href='https:\/\/e-sustav.enel.hr\/?page_id=522' title='Specijalizirano ERP rje\u0161enje'  class=\"iconbox_icon heading-color\" aria-hidden='true' data-av_icon='\ue822' data-av_iconfont='entypo-fontello'><\/a><h3 class='iconbox_content_title '  itemprop=\"headline\" ><a href='https:\/\/e-sustav.enel.hr\/?page_id=522' title='Specijalizirano ERP rje\u0161enje' >Specijalizirano ERP rje\u0161enje<\/a><\/h3><\/header><div class='iconbox_content_container '  itemprop=\"text\" ><p>Sustav za upravljanje cjelokupnim poslovanjem trgova\u010dkih dru\u0161tava u vlasni\u0161tvu JPL(R)S<\/p>\n<\/div><\/div><footer class=\"entry-footer\"><\/footer><\/article><\/div>\n<div class='flex_column av-cecde-909034e98d1d1b52f10e7f28eaf8165f av_one_third  avia-builder-el-5  el_after_av_one_third  el_before_av_one_full  flex_column_div '   ><style type=\"text\/css\" data-created_by=\"avia_inline_auto\" id=\"style-css-av-bnbdm-493764d439f3d043e9725519ffd71948\">\n.iconbox.av-bnbdm-493764d439f3d043e9725519ffd71948 .iconbox_icon{\nbackground-color:#2d5c88;\ncolor:#ffffff;\n}\n#top #wrap_all .iconbox.av-bnbdm-493764d439f3d043e9725519ffd71948 .iconbox_content_title{\ncolor:#444444;\n}\n<\/style>\n<article  class='iconbox iconbox_top av-bnbdm-493764d439f3d043e9725519ffd71948 av-no-box  avia-builder-el-6  avia-builder-el-no-sibling '  itemscope=\"itemscope\" itemtype=\"https:\/\/schema.org\/CreativeWork\" ><div class=\"iconbox_content\"><header class=\"entry-content-header\"><a href='https:\/\/e-sustav.enel.hr\/?page_id=335' title='Aplikacija &quot;Seaman&quot;'  class=\"iconbox_icon heading-color\" aria-hidden='true' data-av_icon='\ue8ce' data-av_iconfont='entypo-fontello'><\/a><h3 class='iconbox_content_title '  itemprop=\"headline\" ><a href='https:\/\/e-sustav.enel.hr\/?page_id=335' title='Aplikacija &quot;Seaman&quot;' >Aplikacija \"Seaman\"<\/a><\/h3><\/header><div class='iconbox_content_container '  itemprop=\"text\" ><p>Aplikacija za vo\u0111enje evidencije o pomorcima, odnosno za kreiranje baze pomoraca s kojima agencija raspola\u017ee u svojoj bazi podataka<\/p>\n<\/div><\/div><footer class=\"entry-footer\"><\/footer><\/article><\/div>\n\n<style type=\"text\/css\" data-created_by=\"avia_inline_auto\" id=\"style-css-av-270di-60134b3f5a25abf1496cef7a8ccac9ee\">\n.flex_column.av-270di-60134b3f5a25abf1496cef7a8ccac9ee{\nborder-radius:0px 0px 0px 0px;\n-webkit-border-radius:0px 0px 0px 0px;\n-moz-border-radius:0px 0px 0px 0px;\n}\n<\/style>\n<div class='flex_column av-270di-60134b3f5a25abf1496cef7a8ccac9ee av_one_full  avia-builder-el-7  el_after_av_one_third  el_before_av_one_half  first flex_column_div av-zero-column-padding column-top-margin'   ><div  class='hr av-1r62y-c7de9bd6f48948ce14eaf7c831c392a7 hr-default  avia-builder-el-8  avia-builder-el-no-sibling '><span class='hr-inner '><span class=\"hr-inner-style\"><\/span><\/span><\/div><\/div>\n\n<style type=\"text\/css\" data-created_by=\"avia_inline_auto\" id=\"style-css-av-9m4i2-da2286365e61162ad8bedb2e4f60cc18\">\n.flex_column.av-9m4i2-da2286365e61162ad8bedb2e4f60cc18{\nborder-radius:0px 0px 0px 0px;\n-webkit-border-radius:0px 0px 0px 0px;\n-moz-border-radius:0px 0px 0px 0px;\n}\n<\/style>\n<div class='flex_column av-9m4i2-da2286365e61162ad8bedb2e4f60cc18 av_one_half  avia-builder-el-9  el_after_av_one_full  el_before_av_one_half  first flex_column_div av-zero-column-padding column-top-margin'   ><section  class='av_textblock_section av-xpcu-a4d2887da19a116820e476c56bf9d2ef'  itemscope=\"itemscope\" itemtype=\"https:\/\/schema.org\/CreativeWork\" ><div class='avia_textblock'  itemprop=\"text\" ><p class=\"sadrzaj\">Na ovim stranicama prona\u0107i \u0107ete\u00a0pregled rje\u0161enja koja su nastala\u00a0i razvijana tijekom vi\u0161e od 20 godina u <a href=\"http:\/\/www.enel-sustav.hr\/www.enel.hr\">Enel-u<\/a>, a\u00a0namijenjena su malim, srednjim i velikim trgova\u010dkim dru\u0161tvima.<\/p>\n<p class=\"sadrzaj\">Dvadesetogodi\u0161nje iskustvo rada sa privatnim i javnim\u00a0sektorom garancija su za uspje\u0161nu i kvalitetnu suradnju \u0161to potvr\u0111uje vi\u0161e od\u00a0300\u00a0dugogodi\u0161njih korisnika iz razli\u010ditih djelatnosti.<\/p>\n<p class=\"sadrzaj\">Pored ovih Enel\u00a0nudi i niz drugih poslovnih rje\u0161enja o \u010demu vi\u0161e mo\u017eete provjeriti na na\u0161im korporativnim stranicama\u00a0<a href=\"http:\/\/www.enel.hr\/\">www.enel.hr\u00a0<\/a><\/p>\n<\/div><\/section><br \/>\n<div  class='hr av-8iuou-bb1253d266fd897257f97cd7ee67ff97 hr-default  avia-builder-el-11  el_after_av_textblock  el_before_av_textblock '><span class='hr-inner '><span class=\"hr-inner-style\"><\/span><\/span><\/div><br \/>\n\n<style type=\"text\/css\" data-created_by=\"avia_inline_auto\" id=\"style-css-av-87y6a-07407262fc5d7092b9ae738a7f070cd7\">\n#top .av_textblock_section.av-87y6a-07407262fc5d7092b9ae738a7f070cd7 .avia_textblock{\nfont-size:15px;\n}\n<\/style>\n<section  class='av_textblock_section av-87y6a-07407262fc5d7092b9ae738a7f070cd7'  itemscope=\"itemscope\" itemtype=\"https:\/\/schema.org\/CreativeWork\" ><div class='avia_textblock'  itemprop=\"text\" ><p style=\"text-align: center;\"><em><strong>Novosti<\/strong><\/em><\/p>\n<\/div><\/section><br \/>\n<div   data-autoplay=''  data-interval='5'  data-animation='fade'  data-show_slide_delay='90'  class='avia-content-slider avia-content-grid-active avia-content-slider1 avia-content-slider-odd  avia-builder-el-13  el_after_av_textblock  avia-builder-el-last  '  itemscope=\"itemscope\" itemtype=\"https:\/\/schema.org\/Blog\" ><div class='avia-content-slider-inner'><div class='slide-entry-wrap'><article class='slide-entry flex_column  post-entry post-entry-724 slide-entry-overview slide-loop-1 slide-parity-odd  post-entry-last  av_fullwidth first real-thumbnail post-format-standard'  itemscope=\"itemscope\" itemtype=\"https:\/\/schema.org\/CreativeWork\" ><a href='https:\/\/e-sustav.enel.hr\/?p=724' data-rel='slide-1' class='slide-image' title='Implementacija programskog rje\u0161enja SUSTAV ERP\u00ae kod tvrtke Naprijed Sinj d.o.o.'><img width=\"1920\" height=\"1355\" src=\"https:\/\/e-sustav.enel.hr\/wp-content\/uploads\/2017\/09\/mark-516277_1920.jpg\" class=\"wp-image-727 avia-img-lazy-loading-not-727 attachment-shop_thumbnail size-shop_thumbnail wp-post-image\" alt=\"\" \/><\/a><div class='slide-content'><header class=\"entry-content-header\"><h3 class='slide-entry-title entry-title '  itemprop=\"headline\" ><a href='https:\/\/e-sustav.enel.hr\/?p=724' title='Implementacija programskog rje\u0161enja SUSTAV ERP\u00ae kod tvrtke Naprijed Sinj d.o.o.'>Implementacija programskog rje\u0161enja SUSTAV ERP\u00ae kod tvrtke Naprijed Sinj d.o.o.<\/a><\/h3><span class=\"av-vertical-delimiter\"><\/span><\/header><\/div><footer class=\"entry-footer\"><\/footer><span class='hidden'>\n\t\t\t\t<span class='av-structured-data'  itemprop=\"image\" itemscope=\"itemscope\" itemtype=\"https:\/\/schema.org\/ImageObject\" >\n\t\t\t\t\t\t<span itemprop='url'>https:\/\/e-sustav.enel.hr\/wp-content\/uploads\/2017\/09\/mark-516277_1920.jpg<\/span>\n\t\t\t\t\t\t<span itemprop='height'>1355<\/span>\n\t\t\t\t\t\t<span itemprop='width'>1920<\/span>\n\t\t\t\t<\/span>\n\t\t\t\t<span class='av-structured-data'  itemprop=\"publisher\" itemtype=\"https:\/\/schema.org\/Organization\" itemscope=\"itemscope\" >\n\t\t\t\t\t\t<span itemprop='name'>eneladmin<\/span>\n\t\t\t\t\t\t<span itemprop='logo' itemscope itemtype='https:\/\/schema.org\/ImageObject'>\n\t\t\t\t\t\t\t<span itemprop='url'>https:\/\/e-sustav.enel.hr\/wp-content\/uploads\/2015\/02\/SUSTAV_logo_2D_vD_340-300x138.jpg<\/span>\n\t\t\t\t\t\t <\/span>\n\t\t\t\t<\/span><span class='av-structured-data'  itemprop=\"author\" itemscope=\"itemscope\" itemtype=\"https:\/\/schema.org\/Person\" ><span itemprop='name'>eneladmin<\/span><\/span><span class='av-structured-data'  itemprop=\"datePublished\" datetime=\"2015-02-09T12:30:30+01:00\" >2017-09-22 11:49:31<\/span><span class='av-structured-data'  itemprop=\"dateModified\" itemtype=\"https:\/\/schema.org\/dateModified\" >2017-09-22 11:50:28<\/span><span class='av-structured-data'  itemprop=\"mainEntityOfPage\" itemtype=\"https:\/\/schema.org\/mainEntityOfPage\" ><span itemprop='name'>Implementacija programskog rje\u0161enja SUSTAV ERP\u00ae kod tvrtke Naprijed Sinj d.o.o.<\/span><\/span><\/span><\/article><\/div><\/div><\/div><\/p><\/div>\n\n<style type=\"text\/css\" data-created_by=\"avia_inline_auto\" id=\"style-css-av-6rw3m-fd3a07dde1e60e7dcd1c12d1a42674f3\">\n.flex_column.av-6rw3m-fd3a07dde1e60e7dcd1c12d1a42674f3{\nborder-radius:0px 0px 0px 0px;\n-webkit-border-radius:0px 0px 0px 0px;\n-moz-border-radius:0px 0px 0px 0px;\n}\n<\/style>\n<div class='flex_column av-6rw3m-fd3a07dde1e60e7dcd1c12d1a42674f3 av_one_half  avia-builder-el-14  el_after_av_one_half  el_before_av_section  avia-builder-el-last  flex_column_div av-zero-column-padding column-top-margin'   ><form action=\"https:\/\/e-sustav.enel.hr\/\" method=\"post\"  class=\"avia_ajax_form av-form-labels-visible   avia-builder-el-15  avia-builder-el-no-sibling   \" data-avia-form-id=\"1\" data-avia-redirect='' ><h3 class=''>Po\u0161aljite nam poruku<\/h3><fieldset><p class='  first_form  form_element form_fullwidth' id='element_avia_1_1'><label for=\"avia_1_1\">Ime i prezime (Naziv tvrtke) <abbr class=\"required\" title=\"required\">*<\/abbr><\/label> <input name=\"avia_1_1\" class=\"text_input is_empty\" type=\"text\" id=\"avia_1_1\" value=\"\" \/><\/p><p class='  first_form  form_element form_fullwidth' id='element_avia_2_1'><label for=\"avia_2_1\">e-mail <abbr class=\"required\" title=\"required\">*<\/abbr><\/label> <input name=\"avia_2_1\" class=\"text_input is_email\" type=\"text\" id=\"avia_2_1\" value=\"\" \/><\/p><p class='  first_form  form_element form_fullwidth' id='element_avia_3_1'><label for=\"avia_3_1\">Naslov poruke <abbr class=\"required\" title=\"required\">*<\/abbr><\/label> <input name=\"avia_3_1\" class=\"text_input is_empty\" type=\"text\" id=\"avia_3_1\" value=\"\" \/><\/p><p class='  first_form  form_element form_fullwidth' id='element_avia_4_1'><label for=\"avia_4_1\" class=\"textare_label hidden textare_label_avia_4_1\">Poruka <abbr class=\"required\" title=\"required\">*<\/abbr><\/label><textarea  name=\"avia_4_1\" class=\"text_area is_empty\" cols=\"40\" rows=\"7\" id=\"avia_4_1\" ><\/textarea><\/p><p class=\"hidden\"><input type=\"text\" name=\"avia_5_1\" class=\"hidden \" id=\"avia_5_1\" value=\"\" \/><\/p><p class=' av_form_privacy_check av_contact_privacy_check first_form  form_element form_fullwidth' id='element_avia_6_1'><input  name=\"avia_6_1\" class=\"input_checkbox is_empty\" type=\"checkbox\" id=\"avia_6_1\" value=\"true\"\/><label class=\"input_checkbox_label\" for=\"avia_6_1\">Sla\u017eem se sa uvjetima kori\u0161tenja koji su navedeni  u <a href='https:\/\/e-sustav.enel.hr\/?page_id=859' target='_blank'>Za\u0161tita Privatnosti<\/a> <abbr class=\"required\" title=\"required\">*<\/abbr><\/label><\/p><p class=\"form_element \"><input type=\"hidden\" value=\"1\" name=\"avia_generated_form1\" \/><input type=\"submit\" value=\"Po\u0161alji poruku\" class=\"button\"  data-sending-label=\"Sending\"\/><\/p><\/fieldset><\/form><div id=\"ajaxresponse_1\" class=\"ajaxresponse ajaxresponse_1 hidden\"><\/div><\/div><\/div><\/div><\/div><!-- close content main div --><\/div><\/div>\n<style type=\"text\/css\" data-created_by=\"avia_inline_auto\" id=\"style-css-av-5tq8m-79758f44a3631d9a2aecf2d94e33ab19\">\n.avia-section.av-5tq8m-79758f44a3631d9a2aecf2d94e33ab19{\nbackground-color:#2d5c88;\nbackground-image:url(unset);\n}\n.avia-section.av-5tq8m-79758f44a3631d9a2aecf2d94e33ab19 .av-extra-border-element .av-extra-border-inner{\nbackground-color:#2d5c88;\n}\n<\/style>\n<div id='av_section_1'  class='avia-section av-5tq8m-79758f44a3631d9a2aecf2d94e33ab19 main_color avia-section-default avia-no-border-styling  avia-builder-el-16  el_after_av_one_half  avia-builder-el-last  avia-bg-style-scroll av-arrow-down-section container_wrap sidebar_right'  ><div class='container av-section-cont-open' ><div class='template-page content  av-content-small alpha units'><div class='post-entry post-entry-type-page post-entry-10'><div class='entry-content-wrapper clearfix'>\n\n<style type=\"text\/css\" data-created_by=\"avia_inline_auto\" id=\"style-css-av-v6oy-be639169eabe38febb94c739c8ece6c7\">\n#top .av-special-heading.av-v6oy-be639169eabe38febb94c739c8ece6c7{\nmargin:10px 0 0 0;\npadding-bottom:10px;\ncolor:#ffffff;\n}\nbody .av-special-heading.av-v6oy-be639169eabe38febb94c739c8ece6c7 .av-special-heading-tag .heading-char{\nfont-size:25px;\n}\n.av-special-heading.av-v6oy-be639169eabe38febb94c739c8ece6c7 .special-heading-inner-border{\nborder-color:#ffffff;\n}\n.av-special-heading.av-v6oy-be639169eabe38febb94c739c8ece6c7 .av-subheading{\nfont-size:15px;\n}\n<\/style>\n<div  class='av-special-heading av-v6oy-be639169eabe38febb94c739c8ece6c7 av-special-heading-h3 custom-color-heading  avia-builder-el-17  el_before_av_testimonials  avia-builder-el-first '><h3 class='av-special-heading-tag'  itemprop=\"headline\"  >\u0160to na\u0161i korisnici ka\u017eu o nama<\/h3><div class=\"special-heading-border\"><div class=\"special-heading-inner-border\"><\/div><\/div><\/div>\n\n<style type=\"text\/css\" data-created_by=\"avia_inline_auto\" id=\"style-css-av-jlnxmdn3-2bb79c02f5ee437af32ffce33008aca3\">\n#top .avia-testimonial-wrapper.av-jlnxmdn3-2bb79c02f5ee437af32ffce33008aca3 .avia-testimonial-content{\ncolor:#ffffff;\n}\n.avia-testimonial-wrapper.av-jlnxmdn3-2bb79c02f5ee437af32ffce33008aca3 .avia-testimonial-name{\ncolor:#ffffff;\n}\n.avia-testimonial-wrapper.av-jlnxmdn3-2bb79c02f5ee437af32ffce33008aca3 .avia-testimonial-subtitle{\ncolor:#ffffff;\n}\n.avia-testimonial-wrapper.av-jlnxmdn3-2bb79c02f5ee437af32ffce33008aca3 .avia-testimonial-link{\ncolor:#ffffff;\n}\n.avia-testimonial-wrapper.av-jlnxmdn3-2bb79c02f5ee437af32ffce33008aca3 .avia-slideshow-controls{\ncolor:#ffffff;\n}\n<\/style>\n<div  class='avia-testimonial-wrapper av-jlnxmdn3-2bb79c02f5ee437af32ffce33008aca3 avia-slider-testimonials avia-slider-1-testimonials avia_animate_when_almost_visible av-large-testimonial-slider'  data-autoplay='1'  data-interval='100'  data-animation='fade'  data-hoverpause='1' >\n<section class=\"avia-testimonial-row\"><div class='avia-testimonial av-242fm-b49b499fe4113bdc854bfe59657010a1 avia-testimonial-row-1 avia-first-testimonial flex_column no_margin av_one_full'><div class='avia-testimonial_inner'  itemscope=\"itemscope\" itemtype=\"https:\/\/schema.org\/CreativeWork\" ><div class='avia-testimonial-content av_inherit_color'><div class='avia-testimonial-markup-entry-content'  itemprop=\"text\" ><p style=\"text-align: left;\"><em>&#8220;Implementacijom programa Sustav ERP dobili smo mogu\u0107nost detaljnih i brzih analiza poslovanja na\u0161eg trgova\u010dkog dru\u0161tva, oblikovanih prema na\u0161im potrebama. Te analize izra\u0111uju se automatski na temelju prikupljenih podataka iz svih na\u0161ih poslovnih objekata na dnevnoj razini.\u201d<\/em><\/p>\n<\/div><\/div><div class=\"avia-testimonial-meta\"><div class=\"avia-testimonial-arrow-wrap\"><div class=\"avia-arrow\"><\/div><\/div><div class='avia-testimonial-meta-mini'  itemprop=\"author\" itemscope=\"itemscope\" itemtype=\"https:\/\/schema.org\/Person\" ><strong  class='avia-testimonial-name'  itemprop=\"name\" >Ivan Aramba\u0161i\u0107<\/strong><span  class='avia-testimonial-subtitle av_opacity_variation'  itemprop=\"jobTitle\" >Financijski direktor, Bakmaz d.o.o.<\/span><\/div><\/div><\/div><\/div>\n<div class='avia-testimonial av-1aali-4f742c548bf4519e77bdb9ad87223dfd avia-testimonial-row-1 flex_column no_margin av_one_full'><div class='avia-testimonial_inner'  itemscope=\"itemscope\" itemtype=\"https:\/\/schema.org\/CreativeWork\" ><div class='avia-testimonial-content av_inherit_color'><div class='avia-testimonial-markup-entry-content'  itemprop=\"text\" ><p style=\"text-align: left;\"><em>\u201cOtkad radimo na Sustavu u svakom smo trenutku sigurni u to\u010dnost i a\u017eurnost raspolo\u017eivih podataka. Zna\u010dajno je unaprije\u0111ena\u00a0sigurnost i kvaliteta informacija, a posao se br\u017ee i jednostavnije obavlja. Ne smijem zaboraviti spomenuti ni podr\u0161ku Enelovog tima stru\u010dnjaka koji pru\u017eaju dodatnu sigurnost funkcioniranji na\u0161eg poslovnog sustava.&#8221;<\/em><\/p>\n<\/div><\/div><div class=\"avia-testimonial-meta\"><div class=\"avia-testimonial-arrow-wrap\"><div class=\"avia-arrow\"><\/div><\/div><div class='avia-testimonial-meta-mini'  itemprop=\"author\" itemscope=\"itemscope\" itemtype=\"https:\/\/schema.org\/Person\" ><strong  class='avia-testimonial-name'  itemprop=\"name\" >Ana Ba\u010di\u0107<\/strong><span  class='avia-testimonial-subtitle av_opacity_variation'  itemprop=\"jobTitle\" >\u0160ef ra\u010dunovodstva, Prirodoslovno-matemati\u010dki fakultet Sveu\u010dili\u0161ta u Splitu<\/span><\/div><\/div><\/div><\/div>\n<div class='avia-testimonial av-u1ya-e75f8f63f37d843f1c0a6febd8d92355 avia-testimonial-row-1 flex_column no_margin av_one_full'><div class='avia-testimonial_inner'  itemscope=\"itemscope\" itemtype=\"https:\/\/schema.org\/CreativeWork\" ><div class='avia-testimonial-content av_inherit_color'><div class='avia-testimonial-markup-entry-content'  itemprop=\"text\" ><p style=\"text-align: left;\"><em>\u201cPrije uvo\u0111enja Sustava imali smo karike, a danas zahvaljuju\u0107i Sustavu imamo lanac.\u201d<\/em><\/p>\n<\/div><\/div><div class=\"avia-testimonial-meta\"><div class=\"avia-testimonial-arrow-wrap\"><div class=\"avia-arrow\"><\/div><\/div><div class='avia-testimonial-meta-mini'  itemprop=\"author\" itemscope=\"itemscope\" itemtype=\"https:\/\/schema.org\/Person\" ><strong  class='avia-testimonial-name'  itemprop=\"name\" >Hrvoje Liji\u0107<\/strong><span  class='avia-testimonial-subtitle av_opacity_variation'  itemprop=\"jobTitle\" >Direktor, Peko d.o.o.<\/span><\/div><\/div><\/div><\/div>\n<\/section><div class='avia-slideshow-arrows avia-slideshow-controls' ><a href='#prev' class='prev-slide ' aria-hidden='true' data-av_icon='\ue87c' data-av_iconfont='entypo-fontello'  tabindex='-1'>Previous<\/a><a href='#next' class='next-slide ' aria-hidden='true' data-av_icon='\ue87d' data-av_iconfont='entypo-fontello'  tabindex='-1'>Next<\/a><\/div><\/div>\n<\/div><\/div><\/div><!-- close content main div --><\/div><div class='av-extra-border-element border-extra-arrow-down'><div class='av-extra-border-outer'><div class='av-extra-border-inner'><\/div><\/div><\/div><\/div><div id='after_section_1'  class='main_color av_default_container_wrap container_wrap sidebar_right'  ><div class='container av-section-cont-open' ><div class='template-page content  av-content-small alpha units'><div class='post-entry post-entry-type-page post-entry-10'><div class='entry-content-wrapper clearfix'><\/p>\n","protected":false},"excerpt":{"rendered":"","protected":false},"author":1,"featured_media":0,"parent":0,"menu_order":0,"comment_status":"open","ping_status":"open","template":"","meta":[],"_links":{"self":[{"href":"https:\/\/e-sustav.enel.hr\/index.php?rest_route=\/wp\/v2\/pages\/10"}],"collection":[{"href":"https:\/\/e-sustav.enel.hr\/index.php?rest_route=\/wp\/v2\/pages"}],"about":[{"href":"https:\/\/e-sustav.enel.hr\/index.php?rest_route=\/wp\/v2\/types\/page"}],"author":[{"embeddable":true,"href":"https:\/\/e-sustav.enel.hr\/index.php?rest_route=\/wp\/v2\/users\/1"}],"replies":[{"embeddable":true,"href":"https:\/\/e-sustav.enel.hr\/index.php?rest_route=%2Fwp%2Fv2%2Fcomments&post=10"}],"version-history":[{"count":107,"href":"https:\/\/e-sustav.enel.hr\/index.php?rest_route=\/wp\/v2\/pages\/10\/revisions"}],"predecessor-version":[{"id":963,"href":"https:\/\/e-sustav.enel.hr\/index.php?rest_route=\/wp\/v2\/pages\/10\/revisions\/963"}],"wp:attachment":[{"href":"https:\/\/e-sustav.enel.hr\/index.php?rest_route=%2Fwp%2Fv2%2Fmedia&parent=10"}],"curies":[{"name":"wp","href":"https:\/\/api.w.org\/{rel}","templated":true}]}}